*3/3 - 4*a**2. What is the units digit of r(0)?
4
Suppose 0 = 2*o - 6 - 2. What is the units digit of o?
4
Let i(t) = 3*t + 3. What is the units digit of i(28)?
7
Let a(g) = -4*g - 6. Let u be (-2)/5 - 54/15. Let t be a(u). Let v = t - 6. What is the units digit of v?
4
Suppose 2*o - 8 = -2*o. Let h be ((-8)/6)/(o/(-6)). Suppose -h*l + 6*l = 10. What is the units digit of l?
5
Suppose -3*f - 3*s = 0, -5 = 3*f + 3*s - 5*s. Let c = 4 + f. What is the units digit of c?
3
Let d be 0 + 0 - (-2 - -3). Let s be -2 - (-13 + d - -1). Suppose -5*m = s - 51. What is the units digit of m?
8
Let t be 1 + 2 + -1*2. Let k be 7/(-3)*1*-3. Let z = k + t. What is the units digit of z?
8
Suppose -2*p + 120 = 2*t - t, 5*p = t + 293. Suppose -5*z = 4*y - p, y + 4*y = -2*z + 10. What is the tens digit of z?
1
Let c be -2 - (-5 - -2 - 1). Suppose 0 = -4*l + c*d + 4, -l + 2*l = d + 1. What is the units digit of l?
1
Let w(v) = 3*v**2 + 4*v. Let k be w(-3). Suppose -4*j + 5*t = -k, 11 = 3*j - j + t. What is the units digit of (j/(-15))/((-1)/3)?
1
What is the tens digit of 239 - 6/1 - 2?
3
Let k(p) = -3*p + 2. Let y be k(-3). Suppose 5*b - z + y = 27, 2 = -2*z. Suppose -5*i - 2*w + b + 15 = 0, -3*i + 4*w = -16. What is the units digit of i?
4
Suppose 2*p + 5 = 3. Let m = p - -3. Suppose 0 = -2*i + 4 + m. What is the units digit of i?
3
Let h be 12/(-20)*(-1 - 4). Let r be (0 - h) + 0 + 8. Suppose 5*v - r*x = v + 69, 0 = x + 1. What is the tens digit of v?
1
Suppose -2*t - 73 = -5*d + 4*d, t + 410 = 5*d. What is the units digit of d?
3
Suppose -4 = 2*v - 64. What is the units digit of v?
0
Let o(v) = -2*v**3 + 10*v**2 - 2*v**2 - 5*v + 3*v**3 - 2*v**3 - 9. What is the units digit of o(7)?
5
Let t(s) be the third derivative of s**4/6 - s**3/3 - 2*s**2. Let j be t(2). Suppose -3 = 3*o - 5*u - 11, -j = -3*u. What is the units digit of o?
6
Let z = 4 + 68. What is the units digit of z?
2
Let x(k) be the first derivative of k**2/2 - 2. Let t be x(0). Let v = t + 14. What is the tens digit of v?
1
Suppose 0 = -2*p + 3*r + 53, -135 = -4*p + 2*r - 25. What is the tens digit of p?
2
Suppose -14*x + 1755 = -5*x. What is the hundreds digit of x?
1
Suppose -173 = -5*r + 82. Let z = r - 35. What is the units digit of z?
6
Suppose 7*n = -14*n + 693. What is the tens digit of n?
3
Suppose 1 + 3 = -q. Let a be (-28)/(-4)*q/(-14). Let w = 4 + a. What is the units digit of w?
6
Suppose 0 = 3*i + 2*i - 40. What is the units digit of i?
8
What is the units digit of (0 - (-288)/(0 - -3)) + -1?
5
Let k = 23 - 5. Suppose -i + 4*i = k. Suppose -l = -i*l + 10. What is the units digit of l?
2
Let g(f) = -f**3 + 3*f**2 - 2*f - 1. Suppose 7 = 2*d + 1. Let t be g(d). What is the units digit of 2/t + (-260)/(-28)?
9
Let n(d) = -5 - 5 + 9 + 18*d**2 + 4*d**2. What is the units digit of n(-1)?
1
Let n = -3 + 52. What is the tens digit of n?
4
Let r(s) = s + 3. Let o be r(-3). Suppose a + 4*a - 120 = -5*q, -q + 2*a + 36 = o. What is the units digit of q?
8
Let k(w) = w**2 - w. Let b(j) = 5*j**2 - 10*j + 1. Let l(t) = b(t) - 4*k(t). Suppose -z + 1 = -5. What is the units digit of l(z)?
1
Let y be (60/75)/(4/(-130)). Let w be -4*(0 - 1 - 0). What is the tens digit of w/(-26) + (-368)/y?
1
Suppose -y - 2*y + 5 = -5*l, -5*l + 2*y = 5. What is the units digit of -1 + 7 + (-1)/l?
7
Suppose 2*s - 5*u - 560 = 0, -3*s + 859 = -3*u + 5*u. What is the units digit of s?
5
Let j = -7 - -9. Let s be ((-6)/9)/((-2)/9). Suppose -3*b = 3*c - s, -6 = 2*b + j. What is the units digit of c?
5
Let w(h) be the third derivative of h**4/24 + 2*h**3/3 + 4*h**2. What is the tens digit of w(6)?
1
Let r(a) = 1 - 2*a - 9 - 4 + 0. What is the units digit of r(-8)?
4
Let m be (-290)/(-4) - 3/6. Suppose -3*l = -0*l - m. What is the units digit of l?
4
Suppose 792 = -4*f + 7*f. What is the units digit of f?
4
Let i(g) = -29*g**3 + g + 1. What is the units digit of i(-1)?
9
Suppose -5*n = -3*y + 40, -5*y + 3*n + 5 = -35. Suppose 2*o - o - 10 = -y*c, -3*c - 3*o = 6. What is the units digit of c?
3
Let k(o) = o**2 + 8*o - 8. What is the tens digit of k(-12)?
4
Let o = 2 - 3. Let z(c) = 20*c + 1. Let l be z(o). Let p = 31 + l. What is the tens digit of p?
1
Suppose -7 = -3*r + 8. Suppose -3*l - 4*t = -r + 6, -l = -t - 9. Suppose 2*b - m = -4*m + 31, -l*b + 3*m = -25. What is the units digit of b?
8
Let w be (-2 - 368/(-4))*1. Suppose 4*x = -v + 35, -7*v + 5*v - 4*x = -w. What is the tens digit of v?
5
Let k(q) = -q**2 - 5*q - 5. What is the units digit of k(-3)?
1
Let t = -33 + 62. What is the tens digit of t?
2
Suppose -31 = -2*o - 3. What is the tens digit of o?
1
Let c(t) = 14*t**2 + 1. Let n be c(1). Suppose -6*b = -b - n. What is the units digit of b?
3
Let d(y) = -y**3 - 2*y**2 - 3*y - 3. Let g be d(-2). Suppose -45 = -n + 2*x, 135 = 3*n - x - g*x. Suppose 7*z = 2*z + n. What is the units digit of z?
9
Let p be 14 + (1 + 1)/(-1). Suppose 2*x = -l + 25, 2*l + p = x - 13. What is the units digit of x?
5
Suppose 0 = 4*o - 244 + 84. What is the tens digit of o?
4
Let p(d) = d**2 + d. Let u be p(0). Let i(k) = -4*k - 8. Let a(f) = -7*f - 15. Let j(s) = -3*a(s) + 5*i(s). What is the units digit of j(u)?
5
Let l = 10 - 5. Let t(u) = 2*u + 1. What is the tens digit of t(l)?
1
Suppose -5*d + 25 = 4*k - 9*k, -d = 5*k + 13. Suppose 3*l - v = 5*l - 7, 0 = d*l + 2*v - 8. What is the units digit of l/5 - 4/(-10)?
1
Suppose d + 2 + 1 = 0. Let u = d - -10. What is the units digit of u?
7
Suppose -b = -5*b + 12, 5*k = -4*b - 158. Let c = -24 - k. What is the tens digit of c?
1
Suppose 0 = -m - m - 462. What is the units digit of m/(-6) - (-2)/4?
9
Suppose 15 + 9 = 4*q. Suppose -p = -q*p. What is the units digit of p - (0 + 0) - -1?
1
Let m(k) = -2*k + 1. Let v(j) = 2*j - 1. Let u be v(-3). What is the tens digit of m(u)?
1
Let w = -15 - -18. What is the units digit of w?
3
Suppose 0 = -2*a - 0 + 2. What is the units digit of 14/2*1*a?
7
Let c(h) = 2*h**3 + 6 - 7*h - h**3 - 11 + 5*h**2. Let n be ((-6)/7)/(1/7). What is the units digit of c(n)?
1
Let j(t) = -t**3 + 14*t**2 + 7*t - 9. What is the units digit of j(14)?
9
Suppose x = k - 4*x - 10, -2*x - 2 = 0. Suppose 5*s = 6 + 19. Suppose s*v - u + 0*u - 67 = 0, -57 = -3*v - k*u. What is the units digit of v?
4
Let n(a) = -a**3 - 16*a**2 + 2*a + 22. Let v be n(-16). Let b be (8/(-2))/(1/(-4)). Let l = b + v. What is the units digit of l?
6
Suppose 0*i - 15 = -5*i. What is the tens digit of (-2)/i*645/(-10)?
4
Suppose 0*m - 5*m + 95 = 0. Suppose 3*x - m = -2*x + 4*n, -x = -3*n + 5. What is the units digit of x?
7
Suppose 2*d - 5 = o - 2*d, 0 = -o - 4*d + 11. Suppose -2*h - 3 = o. What is the units digit of 2/h - 8/(-3)?
2
Let m be 1*2/((-6)/(-3)). Suppose -3*d = -2*d - m. What is the units digit of (2 - d)/((-1)/(-7))?
7
Let x = 39 - 22. What is the tens digit of x?
1
Let r(d) = 4*d**2 + 2*d + 12. Let p be r(6). Suppose 2*i - p = -4*i. What is the tens digit of i?
2
Let g be ((-2)/6*0)/(-2). Suppose g = d + 3*d - 8. Let p(y) = 3*y**2 + 1. What is the tens digit of p(d)?
1
Let c = 1 + -2. Let n be c/((-1)/(-6) - 0). What is the units digit of 7 + -1 + n + 6?
6
Suppose 4*z + 3 = 11. Let y be z - (-8 + 1 + 2). Let o = 0 + y. What is the units digit of o?
7
Suppose 1 - 6 = f. Let t be (-2)/f - (-52)/(-5). Let c = t + 14. What is the units digit of c?
4
Let k(t) = -t + 12. What is the units digit of k(-6)?
8
Let w be 5*(0 + (-21)/(-15)). Suppose -11*y + w*y = -156. What is the tens digit of y?
3
Let k = 9 - 5. Let a = -3 + k. What is the units digit of a?
1
Suppose -2*m + 5*z = -5*m + 22, 10 = 3*m - z. Let i(q) = 5*q - m*q - 3*q. What is the units digit of i(-4)?
8
What is the units digit of -2*(2 - (0 - (-374)/4))?
3
Suppose -3*q + 5*d = d - 66, 5*d - 22 = -q. Let l = -16 + q. What is the units digit of l?
6
Let b(x) = x - 2. Let y be b(5). Suppose -2*g = 3*d - 3, y*g + 6*d - 4*d = 12. Let q = g + -4. What is the units digit of q?
2
Suppose 0 = -f - w + 13 + 354, -5*f = 4*w - 1835. What is the hundreds digit of f?
3
Let q(l) = -6*l**2 + 2 + 3*l + 13*l**2 - l**3 - 3*l**2. What is the units digit of q(4)?
4
Let x(p) = -63*p - 7. What is the tens digit of x(-2)?
1
Let t = -1 - -39. What is the tens digit of t?
3
Suppose -5*v + 178 + 37 = 0. What is the units digit of v?
3
What is the units digit of 11 - 4/